8) + (-1 - 5)?
-6
Evaluate -5 + (-1 - 4) + 6 - -3.
-1
1 - -2 - ((-1 - 0) + 9)
-5
Calculate (26 + -37 - (-5 + -1)) + 6.
1
Evaluate (6 - -5) + -15 + (0 - 2).
-6
-16 + 11 - (-8 - 2)
5
What is 1 - (-1 - -1 - -2)?
-1
Calculate (-11 - -11) + (1 - 0 - 1).
0
-4 + 2 + 8 - 8
-2
1 + (3 - (-8 - -8))
4
Evaluate 54 - 57 - (-2 - (1 + -9)).
-9
What is the value of (1 - 2 - -4) + -9 + 1?
-5
Evaluate (-2 - (-10 + 6)) + -4.
-2
Calculate 7 + -2 - (2 - (-13 - -5)).
-5
What is the value of (13 - 1) + 10 + -15?
7
Calculate (5 - (-6 + 14)) + 5.
2
What is (-23 - -17) + 3 + 1?
-2
Calculate -61 + 64 - (1 + -3 - -15).
-10
-5 + 8 + (0 - (0 + -1))
4
Calculate -14 - (-9 - -2 - 1).
-6
What is -7 + 2 + 5 + -8 + 2?
-6
Evaluate (-3 - -6) + -5 + 1 + 3.
2
Evaluate -3 + (3 - 0) + -2.
-2
4 + (3 - (0 - (-1 - 1)))
5
(0 - 10) + (6 - -2)
-2
Calculate (7 + -7 - 5) + 5.
0
-19 + 19 - (1 - -2)
-3
Calculate 1 + 1 + -7 + 24 + -14.
5
What is 2 - (7 - (14 + -6 + 1))?
4
Calculate -4 + (2 + 2 - (32 + -26)).
-6
Evaluate 2 + -2 + (-1 - (-9 + 4)).
4
What is (-6 - 2 - (3 + -10)) + -4?
-5
Calculate (2 - 4) + 5 + 2 + -2.
3
Evaluate 1 + 2 + (-1 - 2) - -4.
4
Evaluate 19 + -1 + -15 + 8.
11
Evaluate -159 + 151 - (-16 + -1).
9
Evaluate -4 - ((1 - 3) + 2).
-4
Evaluate (10 - 0 - 12) + 2.
0
Evaluate 0 - 5 - (-20 - -12).
3
Calculate (-8 - 4) + 10 + -4.
-6
What is (13 - 19) + (3 - -6)?
3
Evaluate -5 + 10 + (-10 - -1).
-4
Evaluate 11 - 9 - ((0 - -2) + -1).
1
What is 7 - (-1 + 5) - (2 + -3)?
4
Calculate 1 - (-1 - -1) - (-3 - -4).
0
Calculate -4 - (5 - (0 - -1) - 6).
-2
What is -1 + (-5 - (4 - (8 + 2)))?
0
What is -65 + 74 + 0 + -1 + -4?
4
What is -3 + ((4 - -2) + 4 - 0)?
7
What is the value of (5 - 3 - 0 - 0) + -7?
-5
What is -9 - -6 - (-5 + -2 + 1)?
3
Evaluate -1 + (4 - -1) + -2 - 2.
0
What is 51 + -45 + -11 + 1?
-4
Calculate (7 + -11 - -5 - -6) + -11.
-4
Evaluate 0 + 8 + 2 + -8.
2
6 + (14 - 5 - 9)
6
(1 + 2 + 1 - 4) + 1
1
What is 0 + (-1 - -5) + 17 + -25?
-4
Calculate -1 - (-3 + 1 + (-2 - -5)).
-2
What is the value of -11 - (-2 - 12 - (9 + -16))?
-4
What is the value of -4 + 3 + 3 + 15 + -11?
6
What is -6 - (-2 + 0 + 0)?
-4
What is -11 - -7 - 3 - -9?
2
What is the value of 6 - -1 - 8 - (-1 - -8)?
-8
Evaluate -10 + (-12 + 9 - -11).
-2
Evaluate -1 - (-1 + 1 + 4).
-5
2 - 0 - (6 + -4) - -5
5
What is the value of 4 + -13 - (-16 - 0)?
7
What is (-3 - 1) + -5 + 0 + 7?
-2
Evaluate (6 + -3 - 3) + -1 + -2.
-3
Evaluate -7 + (5 - (-2 - (-6 + 3))).
-3
What is the value of (-8 - -3) + 3 - (4 - 9)?
3
(6 - (5 - 11)) + -5 + -2
5
What is -6 - (-8 + -6 + 10) - -10?
8
2 - 2 - ((4 - 5) + 4)
-3
What is 1 + 5 + -4 - 3 - 3?
-4
Calculate -2 + 7 + 1 + -2.
4
What is the value of -6 + -1 - -5 - 1?
-3
What is the value of 2 + 10 - (-3 + 22)?
-7
What is the value of 5 + -8 + 0 + 4?
1
What is the value of 9 + 1 + -3 + -2 + 0?
5
Evaluate (17 - 10) + -7 + -7.
-7
28 + -20 - (0 - -1)
7
What is 14 + -14 - (-1 + 5)?
-4
Evaluate (12 - -4) + -6 - 7.
3
Calculate 5 + (-10 - -4) + 7.
6
Evaluate 2 + (6 + 4 - 9).
3
What is the value of (-5 - 3) + (18 - 5)?
5
What is -37 + 39 - (-4 - (2 + -3))?
5
3 + (-7 - -5 - (-4 - 0))
5
What is the value of (26 - 25 - (-3 + 1)) + -3?
0
What is (4 - 1) + -16 + 8?
-5
What is 1 - ((2 + 10 - 3) + -3)?
-5
What is 4 + (0 - -7 - 7)?
4
Evaluate (-4 + -2 - -2) + 1 + 4.
1
Calculate 0 + (-3 + -2 - -7).
2
1 + (-1 + -1 - (14 - 18))
3
What is -1 - (-2 + 4) - 2?
-5
Calculate 6 - (4 - (-1 - 0)).
1
2 + (4 + -13 - (1 + -4))
-4
Evaluate (1 - 4) + 4 + 1.
2
What is 0 + -3 + 5 + 1?
3
Evaluate 0 + -6 + (-2 - -6) - -3.
1
-8 - -2 - (-11 - -3)
2
Calculate 40 + -43 + (5 - -1).
3
What is 8 - 5 - (7 - 2)?
-2
Evaluate 4 + 1 - 2 - 0.
3
0 + -1 + -2 + 6 - 2
1
Calculate (-9 + 1 - -9) + -5 + 1.
-3
Evaluate 0 - (4 + -11 + 0).
7
What is the value of (-14 - -16) + (0 - (4 + -1))?
-1
Evaluate -9 - (-3 - -7 - 6).
-7
Evaluate -15 + -4 + 7 + 6.
-6
What is the value of -1 + 10 - (-14 + 23)?
0
Calculate (4 + -9 - -3) + 3 + -2.
-1
3 + (1 - 4 - -6)
6
Calculate (2 - 1 - 2) + 3 + -2.
0
What is -3 + 1 - (-7 + 2)?
3
What is 2 + 4 + -10 + 2?
-2
Calculate 4 + -4 + 5 + -1.
4
What is 1 + 1 - (-4 + 1 + 7)?
-2
Evaluate -10 + -21 + 13 + 19.
1
Calculate (-3 - 2) + -1 + 2.
-4
What is -4 - -4 - (-2 - (3 + -2))?
3
Calculate -9 + (1 - 0) + 3 - -3.
-2
Calculate -5 + 1 + 6 - (-1 + 2).
1
Calculate 2 + (-8 - -4 - (2 + 1)).
-5
Calculate -2 + (0 - 1) + (0 - -2).
-1
What is -7 + -2 + 7 - 4 - 1?
-7
What is the value of 3 + 1 - (-4 + 6)?
2
12 - (14 + 5) - -10
3
What is 3 - (12 + -11 + 7)?
-5
What is the value of -3 + -2 + 3 - 1?
-3
What is (0 - -11) + 7 - 12?
6
0 + -5 + 5 - 5
-5
What is 9 - 4 - (-3 - (-14 + 4))?
-2
What is the value of (6 - (-2 - 1)) + -4?
5
What is the value of 0 + 8 + 1 - 7?
2
What is the value of 12 + 4 + (-7 - 6)?
3
Calculate (0 - (-3 + 3)) + -1.
-1
7 + -2 + 3 - 5
3
(-8 - -5) + 7 + 2 - 12
-6
What is (3 - -1) + 0 - 1?
3
Calculate (4 - (10 + -16)) + -17.
-7
Calculate -1 - (-4 + 5 + (-1 - 3)).
2
What is the value of (1 - -3 - 1) + -2?
1
What is 22 + -21 - (2 - 7)?
6
Evaluate -2 - (3 - (1 - -1 - 0)).
-3
What is the value of 3 + (6 - (0 + -1 + 7))?
3
-7 - (2 + (8 - 11))
-6
What is -1 + 0 - 0 - (63 + -61)?
-3
What is 3 - (7 - -5) - -11?
2
Evaluate 3 - ((-5 - (-2 - 0)) + 1).
5
Calculate -4 - ((-7 - (0 + -21)) + -8).
-10
Evaluate -1 - ((-4 - -1) + 3) - -6.
5
Calculate -3 + 20 + -11 + 3.
9
What is the value of -2 + 9 + -3 + -7?
-3
What is the value of 0 + (-2 - -1) - 1?
-2
What is the value of 10 + (12 - 14 - 7)?
1
-4 + -1 + 2 + 1
-2
Calculate 1 - 1 - (3 - 2) - 2.
-3
5 - 4 - (1 + 4 - 0)
-4
What is -11 - (-7 - -5) - -7?
-2
6 + (8 - 11) + -8
-5
Evaluate ((1 - 0) + -8 - -1) + 2.
-4
What is the value of (-1 - 0) + (-3 - -2) + 7?
5
What is 14 - (15 + -1 + -9)?
9
What is 15 + 0 + 5 + -12?
8
Calculate -3 + (4 + -11 + 2 - -1).
-7
What is 5 + (3 - -1) - (17 + -15)?
7
51 + -55 + 8 + 0
4
What is the value of -4 + -2 - (-7 + -2)?
3
What is (3 - 10) + (5 - 2) + -5?
-9
Calculate 6 - -1 - (-7 - -20).
-6
Evaluate -5 - (0 + (-6 - (-4 + 2))).
-1
Calculate -9 + (12 - 8) + 7.
2
What is the value of -5 - -4 - (1 + (-4 - 2))?
4
Calculate -6 + 1 + -20 + 31.
6
What is the value of (-3 - -10) + 0 + -3?
4
What is the value of -8 - (6 - 10) - (0 + -7)?
3
What is the value of (-6 - -4 - -1) + -3 + 4?
0
What is the value of 6 - (8 + (13 - 11))?
-4
Evaluate 12 + -11 + (2 - -3) - -2.
8
Evaluate 9 - (19 + -7) - 0.
-3
Calculate (-8 + 2 - -5) + (-2 - 0).
-3
3 - (-2 + 4) - -2
3
Calculate 0 + -2 + 4 + -6 - -8.
4
Calculate 2 - (1 - -1) - (-7 + 9).
-2
6 + -10 - (-4 + 5 + -5)
0
What is -4 + (-3 - (-8 + (6 - 3)))?
-2
Evaluate 2 - (3 - -1 - (10 + -7)).
1
Evaluate 4 - (-35 + 28 + (0 - -1)).
10
13 + -14 - (0 - -4)
-5
Calculate 2 - (4 - (-1 - -8)).
5
Evaluate (-4 + 0 - -2) + -6 + 6.
-2
7 - (-4 - -9 - (0 + 2))
4
What is -3 - 0 - (12 - (10 + 3))?
-2
Evaluate 0 + 7 + -5 + 1.
3
What is the value of -3 + 7 + -8 + 5?
1
What is -4 - (0 - (-1 - -4))?
-1
What is the value of 51 - 48 - (-3 - -3)?
3
7 - (-8 + 4 + 7)
4
Calculate 4 - (3 - (-3 - (-6 - 1))).
5
Calculate -4 + 3 - 3 - 0.
-4
What is (-2 - -2) + (39 - 33)?
6
Calculate (4 - (-7 + 8)) + (-4 - 0).
-1
1 - (2 + 0 - 2)
1
Calculate (-6 - 0) + -3 + -1 + 5.
-5
What is -5 - -3 - (-19 + 21)?
-4
Calculate -1 + 4 + 0 + 2 + -2.
3
What is -1 + 3 - -3 - 3?
2
Evaluate -12 + -2 + 7 + 0 + 5.
-2
What is 4 + (-1 + 0 - (9 + -2))?
-4
What is 64 + -59 - (0 + -1 + 8)?
-2
What is the value of 9 + -3 - (-1 - (-3 - -4))?
8
Calculate (-6 - 6 - (-2 + -1)) + 6.
-3
What is (49 - 45) + -1 + 0?
3
Calculate 11 + (-14 - -3) - 8.
-8
What is -3 - (6 - (6 - (4 + -1)))?
-6
(-3 - 3) + 4 - -6
4
What is 14 + (-10 + -4 - -6)?
6
What is 0 + 6 + -11 + 0 + -1?
-6
Evaluate -1 + (5 + -8 - -2) + 5.
3
What is the value of -2 - 1 - -1 - 1?
-3
What is -1 - (-4 + 6) - -5?
2
Evaluate (-51 - -56) + 0 + 0 + 0.
5
What is -2 - ((-1 + 2 - -7) + -13)?
3
2 + -2 + 0 + 4 + 1
5
What is (-17 - -1) + -46 + 55?
-7
Calculate -3 - (2 - 5 - -3).
-3
What is (15 - (-11 - -10)) + -6?
10
What is the value of (-4 - -4) + 3 - (-1 + 1)?
3
Calculate -2 + 1 + 0 + 4 + -1.
2
Evaluate (6 - (2 - (1 + -2))) + 2.
5
-1 + 3 + -9 + 7
0
Calculate 2 + (-2 - (1 + -4)) + -1.
2
-2 - ((-4 - -7) + -4 + 1)
-2
What is the value of (2 - 4) + -4 + (3 - 1)?
-4
What is 5 + 3 + 0 + -8?
0
What is -4 + (12 - 4) + 3 + -4?
3
What is the value of 1 + -1 + 0 + -3 + 3?
0
1 + 